{"id":2243,"date":"2019-11-21T13:36:05","date_gmt":"2019-11-21T12:36:05","guid":{"rendered":"https:\/\/osorio.libreriaherso.com\/portal\/?post_type=product&#038;p=2243"},"modified":"2021-04-16T17:50:56","modified_gmt":"2021-04-16T15:50:56","slug":"puedes-contar-conmigo","status":"publish","type":"product","link":"https:\/\/osorio.libreriaherso.com\/portal\/producto\/puedes-contar-conmigo\/","title":{"rendered":"PUEDES CONTAR CONMIGO\u00a1"},"content":{"rendered":"<p>Julia es una hormiga muy trabajadora y risue\u00f1a, pero, desde hace un tiempo, no quiere ir al cole.<br \/>\n\u00bfQu\u00e9 le estar\u00e1 pasando a nuestra amiga?<br \/>\n\u00a1A trav\u00e9s de este cuento descubrir\u00e1s c\u00f3mo podemos ayudarla!<\/p>\n","protected":false},"excerpt":{"rendered":"<p>Julia es una hormiga muy trabajadora y risue\u00f1a, pero, desde hace un tiempo, no quiere ir al cole. \u00bfQu\u00e9 le estar\u00e1 pasando a nuestra amiga? \u00a1A trav\u00e9s de este cuento descubrir\u00e1s c\u00f3mo podemos ayudarla!<\/p>\n","protected":false},"featured_media":2242,"template":"","meta":[],"product_cat":[15],"product_tag":[],"_links":{"self":[{"href":"https:\/\/osorio.libreriaherso.com\/portal\/wp-json\/wp\/v2\/product\/2243"}],"collection":[{"href":"https:\/\/osorio.libreriaherso.com\/portal\/wp-json\/wp\/v2\/product"}],"about":[{"href":"https:\/\/osorio.libreriaherso.com\/portal\/wp-json\/wp\/v2\/types\/product"}],"wp:featuredmedia":[{"embeddable":true,"href":"https:\/\/osorio.libreriaherso.com\/portal\/wp-json\/wp\/v2\/media\/2242"}],"wp:attachment":[{"href":"https:\/\/osorio.libreriaherso.com\/portal\/wp-json\/wp\/v2\/media?parent=2243"}],"wp:term":[{"taxonomy":"product_cat","embeddable":true,"href":"https:\/\/osorio.libreriaherso.com\/portal\/wp-json\/wp\/v2\/product_cat?post=2243"},{"taxonomy":"product_tag","embeddable":true,"href":"https:\/\/osorio.libreriaherso.com\/portal\/wp-json\/wp\/v2\/product_tag?post=2243"}],"curies":[{"name":"wp","href":"https:\/\/api.w.org\/{rel}","templated":true}]}}