{"id":12468,"date":"2025-09-04T08:01:08","date_gmt":"2025-09-04T06:01:08","guid":{"rendered":"https:\/\/osorio.libreriaherso.com\/portal\/?post_type=product&#038;p=12468"},"modified":"2026-04-07T00:07:34","modified_gmt":"2026-04-06T22:07:34","slug":"una-quimica-para-todos-cuaderno-de-ejercicios-ed-25-26","status":"publish","type":"product","link":"https:\/\/osorio.libreriaherso.com\/portal\/producto\/una-quimica-para-todos-cuaderno-de-ejercicios-ed-25-26\/","title":{"rendered":"Una Qu\u00edmica para Todos \u2013 Cuaderno de Ejercicios. Ed 2025\/2026"},"content":{"rendered":"<p>1. Centra tu estudio en el Libro \u201cUna Qu\u00edmica Para Todos\u201d. 12a edici\u00f3n. Versi\u00f3n ampliada<br \/>\nEste libro est\u00e1 compuesto por 11 temas cuyo contenido abarca el temario de 1\u00ba de bachillerato, 2\u00ba de Bachillerato y la preparaci\u00f3n para las Pruebas de Acceso a la Universidad, adem\u00e1s de una recopilaci\u00f3n de preguntas clave de las PAU desde 2017 hasta 2024 y un cap\u00edtulo especial de problemas competenciales de 2025, que es indicativo de lo que pensamos que caer\u00e1 el presente a\u00f1o 2026. Quien sabe\u2026 \u00bfno?<br \/>\nEs fundamental entender el marco te\u00f3rico de cada tema. Para ello, este libro desarrolla y comenta toda la teor\u00eda acompa\u00f1ando cada concepto de los ejemplos m\u00e1s representativos para completar la explicaci\u00f3n de forma muy ilustrativa. Una vez entendido el tema, podr\u00e1s resolver perfectamente al apartado del final de cada tema: \u201cRepaso de ejercicios clave por conceptos. \u00a1\u00a1Demuestra lo que sabes!!\u201d que contiene un conjunto de ejercicios espec\u00edficamente dise\u00f1ados para repasar cada concepto as\u00ed como la resoluci\u00f3n m\u00e1s correcta, paso a paso. \u00a1Nuestros videos de YouTube tambi\u00e9n podr\u00e1n serte muy \u00fatiles!<br \/>\nUna vez hayas superado cada cap\u00edtulo del libro, tendr\u00e1s una excelente base para resolver todos los tipos de problemas y podr\u00e1s enfrentarte al siguiente reto que propongo\u2026<br \/>\n2. Completa tu estudio con el Libro \u201cUna Qu\u00edmica Para Todos\u201d. Cuaderno de ejercicios. \u00a1\u00a1Buscando el 10!!<br \/>\nEste libro adicional contiene 226 ejercicios clasificados por temas y conceptos, resueltos por pasos y cuidadosamente dise\u00f1ados y explicados para afianzar la materia y preparar las Pruebas de Acceso a la Universidad. Complementando estos dos manuales con la metodolog\u00eda y explicaciones propias de tu profesor y\/o centro de estudios, estamos seguros de que conseguir\u00e1s una excelente nota \u263a.<br \/>\n3. Aqu\u00ed no acaba nuestra relaci\u00f3n\u2026<br \/>\nTras a\u00f1os respondiendo vuestras dudas e interes\u00e1ndome por cada una de vuestras situaciones, me siento en la necesidad de seguir prestando mi ayuda (en la medida de lo posible) a trav\u00e9s de las redes sociales: Web, YouTube, Twitter, Instagram, Facebook, correo\u2026 (ver enlaces en la primera p\u00e1gina) y por supuesto, a trav\u00e9s de la ense\u00f1anza especializada que ofrecemos en todas nuestras Academia Osorio de Espa\u00f1a.<br \/>\nHas apostado y confiado en nosotros y\u2026 \u00a1\u00a1No vamos a decepcionarte!!<br \/>\nMetodolog\u00eda \u201cUna Qu\u00edmica Para Todos\u201d<br \/>\n\u00bfQuieres conseguir el m\u00e1ximo rendimiento en<\/p>\n<p>Descargar PDF&#8211;&gt; <a href=\"https:\/\/osorio.libreriaherso.com\/portal\/wp-content\/uploads\/2025\/09\/1.2.-Quimica-Ejercicios.-Indice-temario-y-metodologia-2025-26.pdf\" target=\"_blank\" rel=\"noopener\">Pincha aqu\u00ed<\/a><\/p>\n","protected":false},"excerpt":{"rendered":"<p><strong>Metodolog\u00eda \u201cUna Qu\u00edmica Para Todos\u201d<\/strong><br \/>\n<strong>\u00bfQuieres conseguir el m\u00e1ximo rendimiento en Qu\u00edmica?<\/strong><\/p>\n<p>Descargar PDF&#8211;&gt; <a href=\"https:\/\/osorio.libreriaherso.com\/portal\/wp-content\/uploads\/2025\/09\/1.2.-Quimica-Ejercicios.-Indice-temario-y-metodologia-2025-26.pdf\" target=\"_blank\" rel=\"noopener\">Pincha aqu\u00ed<\/a><\/p>\n<p>&nbsp;<\/p>\n","protected":false},"featured_media":12469,"template":"","meta":[],"product_cat":[15,28],"product_tag":[],"_links":{"self":[{"href":"https:\/\/osorio.libreriaherso.com\/portal\/wp-json\/wp\/v2\/product\/12468"}],"collection":[{"href":"https:\/\/osorio.libreriaherso.com\/portal\/wp-json\/wp\/v2\/product"}],"about":[{"href":"https:\/\/osorio.libreriaherso.com\/portal\/wp-json\/wp\/v2\/types\/product"}],"wp:featuredmedia":[{"embeddable":true,"href":"https:\/\/osorio.libreriaherso.com\/portal\/wp-json\/wp\/v2\/media\/12469"}],"wp:attachment":[{"href":"https:\/\/osorio.libreriaherso.com\/portal\/wp-json\/wp\/v2\/media?parent=12468"}],"wp:term":[{"taxonomy":"product_cat","embeddable":true,"href":"https:\/\/osorio.libreriaherso.com\/portal\/wp-json\/wp\/v2\/product_cat?post=12468"},{"taxonomy":"product_tag","embeddable":true,"href":"https:\/\/osorio.libreriaherso.com\/portal\/wp-json\/wp\/v2\/product_tag?post=12468"}],"curies":[{"name":"wp","href":"https:\/\/api.w.org\/{rel}","templated":true}]}}